t is the value of 28 - (17 - (-40 + 35)) - -45?
51
Calculate (24 - 126) + 25 + -6 - -19.
-64
Evaluate (1 - 8) + -99 + 127 + 17 + 0 + 2.
40
Evaluate -66 - (6 - (33 + (-39 - -27))).
-51
Calculate -101 + (-35 + -1 - -96).
-41
What is -2 - (-3 + (-53 - (4 - 0))) - 14?
44
What is 79 + (-4 - ((-61 - -52) + (-1 - 6 - -4)))?
87
What is the value of 2 + -7 + -1 + (3 - (-1 + 1)) - -53?
50
Calculate (-23 - -107) + (-14 - (-6 - (3 + -1))).
78
-142 + 24 + 85 + 17 + -1
-17
What is -70 - (-128 + 120 - (1 - 39))?
-100
-404 + 300 - (2 + -12 + 5 + 0 + -3)
-96
3 + (-1 - -86) - (-175 + 374 + -209)
98
Calculate -4 + (-11 - (-7 - -13)) + 47 + -53.
-27
Calculate (7 + -3 - -16) + (59 - 64) + -113.
-98
Calculate -4 + (1 - (2 - (13 + -1) - 16)).
23
Evaluate (18 - 3) + (16 - 1 - -5) + 13.
48
What is 23 + -46 + (-53 - 6) - (-12 + (6 - 3))?
-73
What is the value of -13 - (-7 - (85 - 71))?
8
What is the value of -38 - -32 - -4 - (23 + 3 + -3)?
-25
What is (0 - -5) + ((-19 - -19) + 2 - 29)?
-22
Evaluate -1 - (-2 + 1) - (10 - (25 + -48)).
-33
41 + (-22 - -66) + -116
-31
Evaluate 126 + 5 + 91 + -91.
131
Calculate 0 - 13 - (528 - 503).
-38
Calculate 64 + (53 - 49) + (16 - (3 + 0)) - 11.
70
Evaluate 12 - 8 - ((12 - 21) + 23) - -26.
16
(3 - -2) + -46 - (77 + (-60 - 10))
-48
What is (18 - (26 + -20 - -37)) + -10?
-35
What is the value of -2 + 23 - (-18 - -110 - 80)?
9
Calculate (53 + -53 - (-5 + 49)) + -1.
-45
What is the value of -7 + (-8 - -59) + (0 - -9 - (31 - 25))?
47
Calculate -29 + 12 + 45 + -33 + 35.
30
Calculate (-3 - (3 - 3)) + 42 + 79 + -37.
81
Evaluate (0 - -79) + (-33 - (7 - 16)).
55
What is (112 - (43 + (34 - 41))) + -4 + (0 - 2)?
70
-47 + 101 + 16 + -64
6
What is -14 + 8 + 21 - (79 - 33)?
-31
(-1 - ((17 - (2 - -5)) + -7)) + -33
-37
-103 + 2 + (73 + -72 - (0 + (1 - -14)))
-115
Calculate 4 + -2 + 5 + (-222 - -173).
-42
What is the value of 2 - -23 - (-208 - -271) - (-10 + -1 + 0)?
-27
-4 - (-5 + 2 + 7) - (20 - -2)
-30
Evaluate 3441 + -3478 + (44 - -2).
9
Calculate 1465 + -1445 - (-30 - -1).
49
What is -11 - (-40 + -43 + 33)?
39
Calculate (76 - (-167 + 234)) + (0 - (2 - 1 - -85)).
-77
Calculate -152 + 117 + (113 - (5 + -2)).
75
(22 - -24 - -32) + -11 + -6
61
Evaluate (0 - 40) + 1363 + -1323.
0
0 - (5 - -1) - (2484 - 2483)
-7
Evaluate 33 + -1 - (-21815 + 21952).
-105
What is 41 + (-14 - (-11 + 8)) + 3 + 10?
43
What is the value of 5 - (-11 + 22) - (-15 + 6) - 56?
-53
What is the value of 1 - 54 - (-15 - (-42 + 29))?
-51
Calculate -43 - (-53 - -19) - (-2 - -27).
-34
Evaluate (-54 - -44 - (-7 - -5)) + (-3 - 15).
-26
What is the value of (1 - -25) + (1 - 0) + (34 - 33) + 6?
34
Evaluate 5 + (-19 + -3 - -6) + -3 + 37.
23
Evaluate 59 - 15 - (-173 + 215).
2
Calculate -28 + -19 + 9 + 3 + 0 + -2.
-37
Calculate -1 + -1 + 8 - (27 - (6 - -20)) - 47.
-42
-619 + 683 + 1 + -116
-51
What is -10 + 22 - (6 - -16 - 0)?
-10
What is the value of 23 + -116 + -43 + 115?
-21
What is the value of 19 + -1 - (-5 - (-17 - (9 - 19)))?
16
What is the value of -24 + 1 + -2 + 1?
-24
What is 1 + -9 - -3 - (128 - 134)?
1
Evaluate 65 + -19 + (-64 - 3) + 27.
6
What is 10 + -4 - -129 - (14 + -2 - (459 + -456))?
126
Evaluate -59 + (109 - -28) - -29.
107
Evaluate (-19 - (-12 - 20)) + -29 - 14.
-30
Calculate -1 + -14 + (-8 - -11) + (-1 + 8 - 1).
-6
Evaluate 4 - (-16 - (11 + -18 + -19)).
-6
Evaluate 107 - (-17 + 49 + -80 + 34).
121
What is the value of 15 + (17 - -4 - (-76 - -89))?
23
10789 + -10764 - (-1 + -3)
29
What is 0 + (-15 - (-13 - -10)) - (-1 + -61)?
50
15 + (7 + (-58 - -27 - -16) - (3 + -61))
65
Evaluate 1155 + -1120 - (0 + 70).
-35
Evaluate -41 + 19 - (7 - -37).
-66
Calculate -78 + (-54 + 61 - (6 - 6)).
-71
What is the value of 88 + (15 - 23) + -25 + -1?
54
What is -3 + 0 + -1 - (-235 - -200) - (6 + -1)?
26
What is -3 - -2 - (-1056 - -1009)?
46
Calculate -171 - (1 + 81 + -171).
-82
What is the value of -61 + (-8 - -26) + 125?
82
2 - (-7 - (-44 - -20))
-15
Calculate -5 - (-6 + 4 + -1) - (1040 - 1058).
16
Calculate (210 - 205) + -15 + -1 + 0 - (0 + -104).
93
1 + 1 + (82 - 78) - (77 - 36)
-35
-62 - -159 - 152 - (-17 - 1)
-37
Evaluate 981 + -930 + (-106 - 1).
-56
Calculate 5 + -2 + (66 + -121 - -55).
3
Evaluate 14 + (3 - -9) - (-65 + 51).
40
Evaluate (-24 - (11 - 11)) + 50.
26
Evaluate 7 - ((-11 - -4 - (-32 + 3)) + -11).
-4
What is the value of -18 + 1 + 0 + 2 + (2183 - 2158)?
10
Evaluate 0 - 49 - 2 - ((29 - 24) + (-1 - -1)).
-56
Calculate 5950 + -6026 + (0 - -29).
-47
-153 - (32 + 1 - (-687 + 725))
-148
Calculate 78 - -2 - (35 + -7 + -25) - 15.
62
Evaluate -5 + -6 + (-4 - -18 - 10) + 21.
14
What is 350 + -290 - (-25 + 78)?
7
What is (0 + (-1 + 8 - 3) - (-1 - -11)) + -44?
-50
Calculate 26 + (23 - 85) + (-7 - (4 + -6)).
-41
Calculate 4 - -26 - (193 + -103).
-60
Evaluate -51 + 2 - ((-254 - -123) + 118).
-36
-206 + 253 + -23 + -2
22
Evaluate -89 + (51 - 6) + 47.
3
Calculate (-3 + -29 - -24) + (47 - (4 + (-4 - 0))).
39
Evaluate -1 + 108 + -4 - (-3914 - -3929).
88
What is (-19 - -2 - (-192 + 171)) + 5?
9
What is 80 - 1 - (70 + -91 + 38 + (2 - 22))?
82
Calculate -26 + 12 + -20 + 22 - -15.
3
Evaluate -1939 + 1789 - (0 - 7).
-143
Evaluate 9 - (135 + (-35 - 10)).
-81
What is (-1 + 57 - 0) + -18 + 20 + -6 + -5?
47
-1 - -6 - (-47 + -1 - (72 + -68) - -3)
54
What is (6 - -89) + (1 - (-24 - (-1 + -25)))?
94
Calculate (-21 - (12 + -17)) + 23 + -11.
-4
Calculate 5 + -3 + -22 - -19 - 20.
-21
(0 + -25 - (-1438 + 1448)) + 1 + 15
-19
(-82 - (-348 + 162)) + -1 + -24
79
-53 + 27 + 41 + -29
-14
Calculate -34 + (23 + (3 - 21) - 33).
-62
Calculate -1 + 6 + (18 - (30 - (22 + 57))) - -10.
82
Evaluate -5 + -18 + 20 + -40 - -14.
-29
Calculate (-133 - -104) + 12 + (3 - 3 - 2).
-19
What is the value of 16 - 70 - (-34 + 40) - -2?
-58
What is the value of 42 + -8 + -45 + 3 + 14?
6
(-63 - (19 + -74)) + 56
48
What is the value of 4 + -73 - (20 - 17) - 17?
-89
What is (-8 - -6) + (6 - (-5 + 16) - 1) + 13?
5
Evaluate (-141 - -115) + -85 + 66.
-45
What is the value of (-18 - -9) + 18 + 4 + (0 - 21) - 43?
-51
Evaluate (-3 - 60) + -4 + 7 - -10.
-50
12 + -3 + 1 + -17 + 31
24
What is the value of 23 - (21 - (36 + -69))?
-31
What is the value of (0 + -22 - 53 - 36) + 22?
-89
Calculate (-25 - 0) + (19 - -1) + 269 + -276.
-12
Evaluate -47 + (-121 - -107 - (5 - 2)).
-64
What is the value of 94 + -70 + 114 + -13?
125
What is -5 + 9 + (7 - 19) + -1 + 7 + 7?
5
Calculate (7 - -47) + -6 - -6 - 0.
54
-35 + 53 + -28 + -36
-46
What is (157 - 158) + 1 + 3 - 12?
-9
What is the value of (-47 - -15) + 23 + 6 + (-3 - -2) + 79?
75
What is the value of (-1 - -7) + -6711 + 6690 + 122 + 0?
107
Evaluate 6 + (-53 - (2 + -1 - (-139 + 133))).
-54
Evaluate -35 - (0 - (31 + 19 + -54 + 21)).
-18
Calculate -66 - (-19 - -8) - (-21 + (-6 - -38)).
-66
Calculate (-28 + 7 - -60) + (-1 - (-3 - -3)).
38
What is (-121 - -49) + -41 + 67?
-46
Evaluate 31 - (18 - 78 - -96).
-5
What is (-8 - (31 - -6 - 51)) + (0 - 43)?
-37
Calculate -29 - ((13 + -20 - -22) + -107).
63
Evaluate 36 - (-20 - (-34 + 13) - -42).
-7
What is 22 - (22 - 15) - ((-5 - (-6 + 6)) + -22)?
42
Calculate (35 - -15 - 3) + 24 + -2.
69
What is the value of (14 + -26 + 5 - -3) + 27?
23
What is (7 - 12 - -8) + (1 - (15 + -54))?
43
Calculate (288 - 290) + (-4 + -3 + 3 - 0 - 91).
-97
What is the value of -22 + 35 + 1 + 4 + -112 + (2 - -7)?
-85
Evaluate 13 + -41 + -3 + 83.
52
68 + -155 + 32 + -23 + 12
-66
What is (-24922 - -24908) + (-1 - -1) + -26?
-40
What is 3 + -1 + 167 + -320 + (4 - (-19 + 10))?
-138
What is the value of (-13 - (-48 + -7)) + -25?
17
Calculate (-220 - (-435 - -199)) + (1 - 78).
-61
What is the value of (-1 - 0) + (87 - (33 - (7 + (15 - 6))))?
69
What is the value of -180 + 150 + (0 - 12) - -28?
-14
What is the value of -63 - (63 + -60) - -15?
-51
Calculate 3 + 0 - (-39 + 49 + -25 + -3 + 5).
16
Evaluate 13 - 2 - 2 - (-19 - (-40 - (16 + -95))).
67
What is the value of (5 - 14) + -543 + 580?
28
Evaluate -1 - (-5 + -16 + 1 + -21).
40
Calculate 101 + -25 - -31 - -3 - 15.
95
-26 + -3 + (71 - 36) + -63
-57
Calculate (-18 - (43 + -17 + 1)) + 27.
-18
Evaluate -8 - (16 + (47 - 105)).
34
What is the value of (-1 - (-3 + 0 - 1)) + -1744 + 1741?
0
Calculate -24 + (-2 - 0 - (9 + -83 + 50)).
-2
Calculate -36 + (53 - 17 - 121 - -25).
-96
Evaluate 159 - 228 - (25 - 70).
-24
What is -33 + (26 - 31) + 28?
-10
Evaluat